tiple of 668?
True
Does 6 divide 138179184?
True
Does 17 divide 9213165?
False
Is 29 a factor of 58969197?
False
Is 74 a factor of 115812812?
True
Is 356 a factor of 2226368550?
False
Does 12 divide 242490792?
True
Is 2033 a factor of 761047451?
True
Does 2403 divide 299855027?
False
Is 4 a factor of 545944079?
False
Does 380 divide 1367808100?
True
Is 285435398 a multiple of 503?
True
Does 102 divide 28930513?
False
Is 46644398 a multiple of 5?
False
Is 45 a factor of 1109252006?
False
Is 5784613372 a multiple of 6043?
False
Is 3731566069 a multiple of 4477?
True
Is 222060528 a multiple of 55?
False
Is 339666534 a multiple of 9?
True
Is 649 a factor of 245446608?
True
Is 54 a factor of 198850148?
False
Is 22060634 a multiple of 437?
True
Is 2588483234 a multiple of 47?
False
Does 33 divide 34553312?
False
Does 1229 divide 2515272629?
True
Does 74 divide 8528352?
True
Is 20 a factor of 450517954?
False
Is 212832962 a multiple of 365?
False
Is 46 a factor of 841182897?
False
Is 4445593824 a multiple of 5152?
True
Does 859 divide 79260439?
False
Does 184 divide 5860584?
True
Does 39 divide 144232019?
False
Is 11 a factor of 1897335758?
False
Is 115 a factor of 132802345?
True
Is 41625904 a multiple of 45?
False
Is 24 a factor of 1235405443?
False
Is 76243609 a multiple of 13?
True
Is 5551255340 a multiple of 314?
False
Does 821 divide 110728705?
False
Is 121 a factor of 11848980?
False
Is 2786 a factor of 1213606674?
True
Does 351 divide 1533626406?
True
Is 58 a factor of 73950406?
True
Does 916 divide 119361212?
True
Is 72264285 a multiple of 927?
True
Is 428471769 a multiple of 30?
False
Is 673800554 a multiple of 83?
False
Is 2994816513 a multiple of 1305?
False
Does 7613 divide 240052503?
False
Is 26816186 a multiple of 6?
False
Does 6 divide 52950528?
True
Is 70695792 a multiple of 12?
True
Does 544 divide 82447281?
False
Does 4 divide 4816096?
True
Does 111 divide 11252524?
False
Is 48 a factor of 6562512?
True
Does 4871 divide 213441984?
False
Is 101 a factor of 4619033?
True
Is 1233 a factor of 5470821?
True
Is 15143159 a multiple of 31?
True
Is 1023809868 a multiple of 2?
True
Is 93911617 a multiple of 1198?
False
Is 1335136460 a multiple of 1115?
False
Does 34 divide 123400212?
True
Does 886 divide 523035926?
False
Is 22 a factor of 55918918?
True
Is 885778873 a multiple of 15?
False
Is 244883790 a multiple of 1670?
True
Does 140 divide 1209848367?
False
Is 612957179 a multiple of 3197?
False
Is 15 a factor of 363870?
True
Is 534128169 a multiple of 1255?
False
Is 43119793 a multiple of 2517?
False
Does 736 divide 15853440?
True
Is 192 a factor of 13587072?
True
Is 21 a factor of 28791336?
True
Does 37 divide 18393366?
True
Is 2 a factor of 1297352217?
False
Is 1019 a factor of 77962028?
False
Is 8985438 a multiple of 189?
True
Is 12 a factor of 187366452?
True
Does 38 divide 136861027?
False
Is 146718000 a multiple of 250?
True
Does 106 divide 335191292?
True
Is 605 a factor of 8190946455?
False
Is 74667645 a multiple of 5?
True
Does 12 divide 609984858?
False
Does 3 divide 56359568?
False
Is 3 a factor of 15355424?
False
Is 51525180 a multiple of 903?
True
Is 1215166103 a multiple of 239?
True
Does 22 divide 5902386689?
False
Is 14 a factor of 21741244?
True
Is 1366495058 a multiple of 6337?
False
Does 310 divide 6238750?
True
Is 401697481 a multiple of 214?
False
Is 31 a factor of 36529300?
False
Is 381 a factor of 358088565?
True
Is 958451520 a multiple of 32?
True
Does 289 divide 75267835?
False
Is 629 a factor of 851170550?
False
Does 2670 divide 192579090?
True
Is 9093709 a multiple of 7?
False
Is 194 a factor of 24573408?
False
Is 472 a factor of 902346423?
False
Does 977 divide 12804562?
True
Is 187988434 a multiple of 453?
False
Is 3 a factor of 9848782?
False
Is 6402765 a multiple of 205?
True
Is 24 a factor of 28328304?
True
Is 20010326 a multiple of 238?
True
Is 6662512 a multiple of 91?
False
Is 8 a factor of 53696160?
True
Is 169379955 a multiple of 48?
False
Is 66 a factor of 165192377?
False
Does 25 divide 10136150?
True
Does 253 divide 386668755?
True
Is 904948791 a multiple of 28?
False
Is 18 a factor of 138223062?
True
Does 923 divide 32586515?
True
Does 2052 divide 147965207?
False
Is 13738074 a multiple of 1626?
True
Is 2154568 a multiple of 2?
True
Is 2433 a factor of 138625041?
True
Is 1396565016 a multiple of 24?
True
Is 13 a factor of 129734838?
False
Is 258 a factor of 22761496?
False
Is 301 a factor of 151219992?
True
Is 242288352 a multiple of 612?
True
Is 16588104 a multiple of 158?
True
Is 229649850 a multiple of 9?
True
Does 10 divide 1019726218?
False
Does 1008 divide 133192080?
True
Does 98 divide 1053892294?
True
Does 13 divide 17885439?
True
Is 61122478 a multiple of 21?
False
Is 43408005 a multiple of 10?
False
Does 7 divide 105981269?
False
Is 11578161 a multiple of 507?
False
Is 3953 a factor of 239662285?
False
Is 5518 a factor of 758206368?
False
Is 53 a factor of 2421433124?
False
Does 54 divide 1307286?
True
Is 2381 a factor of 68202151?
False
Is 10947960 a multiple of 558?
True
Is 1290838640 a multiple of 3262?
True
Is 137140161 a multiple of 19?
False
Is 272 a factor of 23283905?
False
Does 8 divide 150632028?
False
Is 586 a factor of 2672969190?
False
Does 719 divide 493571836?
False
Is 95 a factor of 291572575?
True
Is 1838 a factor of 459117696?
True
Does 7 divide 30567327?
True
Is 4 a factor of 546888750?
False
Is 16 a factor of 164611728?
True
Is 103998720 a multiple of 280?
True
Is 41635679 a multiple of 298?
False
Is 313 a factor of 77564217?
True
Is 59 a factor of 195832191?
False
Is 49 a factor of 20217842?
False
Is 18 a factor of 90397036?
False
Is 2311 a factor of 41964968?
False
Is 146191164 a multiple of 28?
True
Is 10192 a factor of 1597677536?
True
Is 15 a factor of 786731031?
False
Is 11 a factor of 14689675?
True
Does 10 divide 77220171?
False
Is 16 a factor of 393416348?
False
Does 700 divide 26609100?
True
Is 73690456 a multiple of 8?
True
Is 175608740 a multiple of 20?
True
Does 683 divide 622124210?
True
Does 564 divide 40525809?
False
Is 29928434 a multiple of 20?
False
Is 913297420 a multiple of 70?
True
Is 6 a factor of 177035790?
True
Is 59 a factor of 294330291?
True
Does 838 divide 225328604?
False
Is 270 a factor of 529785408?
False
Does 115 divide 1609503315?
True
Is 2961 a factor of 128883447?
True
Is 70 a factor of 44561090?
True
Does 191 divide 127685148?
False
Is 28 a factor of 2961816314?
False
Is 1144517 a multiple of 2?
False
Does 70 divide 167094060?
True
Does 30 divide 929988360?
True
Is 269060166 a multiple of 29?
False
Does 12 divide 1465279258?
False
Is 150839556 a multiple of 7?
True
Is 375 a factor of 90969422?
False
Is 4824985 a multiple of 28?
False
Is 364868780 a multiple of 437?
True
Is 12 a factor of 401855192?
False
Is 39350139 a multiple of 91?
False
Is 28992453 a multiple of 223?
True
Is 3420 a factor of 22390657?
False
Is 3945736 a multiple of 37?
False
Does 268 divide 68790508?
True
Is 1032 a factor of 738022416?
True
Is 4539338 a multiple of 4?
False
Does 6 divide 2344582338?
True
Is 23 a factor of 86689162?
True
Is 122 a factor of 899571270?
True
Does 15 divide 2766255?
True
Does 20 divide 3719060?
True
Does 104 divide 876457035?
False
Does 62 divide 85758477?
False
Does 43 divide 65188989?
True
Does 104 divide 237447808?
True
Is 518833493 a multiple of 74?
False
Does 4 divide 14392291?
False
Is 2328 a factor of 66462072?
True
Is 47423056 a multiple of 8?
True
Is 45381258 a multiple of 61?
False
Is 17 a factor of 6988889?
False
Is 382961925 a multiple of 15?
True
Is 1109597 a multiple of 70?
False
Is 2007209238 a multiple of 375?
False
Is 3360891125 a multiple of 362?
False
Is 426859371 a multiple of 9?
True
Is 15766889 a multiple of 137?
False
Is 553294423 a multiple of 1770?
False
Is 312738365 a multiple of 235?
False
Is 33 a factor of 166491765?
True
Is 74720991 a multiple of 453?
True
Does 189 divide 17049879?
True
Is 63172051 a multiple of 17?
True
Is 5 a factor of 30493539?
False
Is 426787678 a multiple of 160?
False
Is 36 a factor of 13848172?
False
Does 832 divide 901256512?
True
Is 211274514 a multiple of 3014?
False
Is 105 a factor of 3065052?
False
Is 20607362 a multiple of 3?
False
Is 102903110 even?
True
Is 808 a factor